{"id":4186,"date":"2020-09-10T17:50:24","date_gmt":"2020-09-10T15:50:24","guid":{"rendered":"https:\/\/www.salondumariage.fr\/billetterie\/?post_type=product&#038;p=4186"},"modified":"2020-10-20T14:14:17","modified_gmt":"2020-10-20T12:14:17","slug":"invitation","status":"publish","type":"product","link":"https:\/\/www.salondumariage.fr\/billetterie\/produit\/invitation\/","title":{"rendered":"Invitation"},"content":{"rendered":"","protected":false},"excerpt":{"rendered":"<p>Billet valable pour une personne. Toute sortie est d\u00e9finitive.<\/p>\n<p><strong>Horaires du salon :<\/strong><br \/>\nSamedi 28 novembre 2020 : 10h &#8211; 18h<br \/>\nDimanche 29 novembre 2020 : 10h &#8211; 18h<\/p>\n<p>\u00c0 PR\u00c9SENTER \u00c0 L&#8217;ENTR\u00c9E DU SALON<\/p>\n","protected":false},"featured_media":4095,"template":"","meta":[],"_links":{"self":[{"href":"https:\/\/www.salondumariage.fr\/billetterie\/wp-json\/wp\/v2\/product\/4186"}],"collection":[{"href":"https:\/\/www.salondumariage.fr\/billetterie\/wp-json\/wp\/v2\/product"}],"about":[{"href":"https:\/\/www.salondumariage.fr\/billetterie\/wp-json\/wp\/v2\/types\/product"}],"wp:featuredmedia":[{"embeddable":true,"href":"https:\/\/www.salondumariage.fr\/billetterie\/wp-json\/wp\/v2\/media\/4095"}],"wp:attachment":[{"href":"https:\/\/www.salondumariage.fr\/billetterie\/wp-json\/wp\/v2\/media?parent=4186"}],"curies":[{"name":"wp","href":"https:\/\/api.w.org\/{rel}","templated":true}]}}